e factors of p(-30)?
2, 107
Let z(l) be the first derivative of -l**5/20 + l**3/3 - 2. Let h(y) be the third derivative of z(y). What are the prime factors of h(-6)?
2, 3
Suppose r + 5*b = 2060, -2*b + 8425 = 3*r + 2193. What are the prime factors of r?
2, 5, 13
Suppose 0 = 3*z + 4*v - 2401, 0 = -2*v + 7*v - 5. What are the prime factors of z?
17, 47
Suppose -2*k = 8, -5*k + k = -5*n - 34. Let v be 18 - (3 + n/2). Let w = v - 6. List the prime factors of w.
2, 7
Suppose 7*p - 704 = 3*p. List the prime factors of p.
2, 11
Let r = 3882 - 2367. What are the prime factors of r?
3, 5, 101
Suppose -4*q + 5*s = -0*s - 4117, 3*q + 5*s = 3114. What are the prime factors of q?
1033
Suppose -4760 + 1904 = -2*a. List the prime factors of a.
2, 3, 7, 17
Suppose -4*f - 7498 = -0*y - 3*y, -2*f = 3*y - 7492. List the prime factors of y.
2, 1249
Suppose 10*r - 205 - 1035 = 0. What are the prime factors of r?
2, 31
Let q be 0 + -2 - (-104 + 14). Suppose -132 - q = -4*g. What are the prime factors of g?
5, 11
Let n be 1 - (-2 - -1)*-10. Let u be -48*6/n - 3. Let k = u - 23. List the prime factors of k.
2, 3
Suppose 311 = 4*t + 5*f - 1064, -3*f - 1065 = -3*t. What are the prime factors of t?
2, 5, 7
Suppose 0 = -25*l + 18*l + 28. Suppose -l*n + 114 = -778. List the prime factors of n.
223
Suppose 5*r = f + 5081, -2*r - 25*f + 26*f + 2030 = 0. List the prime factors of r.
3, 113
Let m(o) = o**2 - 22. Let f be m(-5). Suppose -a + f = 0, 398 = 2*s + 2*a - 76. What are the prime factors of s?
2, 3, 13
Suppose 5*q - 287 = -4*w, 2*w - 4*w + 133 = -q. Let r = 76 + w. List the prime factors of r.
2, 3
Let j(q) = q**3 + 5*q**2 - 3*q + 11. Let s be j(-6). Let a(o) = 1 + 3 + 8*o + o**2 - 3*o**2 + 4*o**2. List the prime factors of a(s).
2, 23
Let f(b) = 4*b**2 + 18*b - 468. What are the prime factors of f(34)?
2, 149
Let u be (-12)/(-42) + (-1002)/(-21). Let w = -27 + u. What are the prime factors of w?
3, 7
Let j = -133 - -116. Let c(y) = y**3 + 18*y**2 + 7*y + 6. What are the prime factors of c(j)?
2, 11
Let v = 30 + -21. Suppose 0 = 2*x + b - 10, 0 = 2*x - 3*x + 3*b - v. List the prime factors of x.
3
Let k = -66 + 68. List the prime factors of 1 + k - (1 + -127 + -2).
131
Suppose 0 = -4*i - 27 + 155. Let q = i - 2. What are the prime factors of q?
2, 3, 5
Let z = -445 - -1035. What are the prime factors of z?
2, 5, 59
Let y(q) = 17*q**3 - 2*q**2 - 20*q + 3. List the prime factors of y(5).
2, 23, 43
Suppose -2165*d + 2154*d = -41261. List the prime factors of d.
11, 31
Let b = 437 - 186. What are the prime factors of b?
251
Let p = -2168 - -3120. What are the prime factors of p?
2, 7, 17
Let r = 12 + -12. Suppose 15 = -r*y + 3*y. What are the prime factors of 1 + -3 - (y + -34)?
3
Let d(r) = -2*r**3 + 9*r**2 - 8. Let w(q) = -20*q + 4. Let k(h) = h - 1. Let u(z) = 16*k(z) + w(z). Let j be u(-4). List the prime factors of d(j).
2
Let d be 196 + (-2 - -4) + -1. Suppose 2*y - 10 = 0, c = -6*y + y + d. List the prime factors of c.
2, 43
Let d = 1731 + -890. What are the prime factors of (-12)/(-16) - d/(-4)?
211
Suppose -5*b - 2*w = -21, w = -5*b + 20 + 3. Let h = b - -1. What are the prime factors of h?
2, 3
Suppose 0 = 3*z + 2 - 41. Suppose z*v - 8*v = 100. What are the prime factors of v?
2, 5
Let l = -12 + 16. Suppose v + v - l = 0. Suppose -12 = v*w - 4*w. List the prime factors of w.
2, 3
Suppose -4*z + 5*n - 48 = 0, 12 = -4*z + 3*n - 28. Suppose -61 - 8 = -3*v. Let i = z + v. List the prime factors of i.
2
Suppose 0 = 2*h - 7*h + 25. Suppose -h*d + 24 + 11 = 0. Let j(l) = -l**3 + 6*l**2 + 11*l - 8. List the prime factors of j(d).
2, 5
Let d(y) be the third derivative of y**4/12 - 2*y**2. Let r be d(2). Suppose -2*t + r*t = 20. List the prime factors of t.
2, 5
Let n = 76 - 8. Let j = n + -30. List the prime factors of j.
2, 19
Suppose -8*j = 2*j + 120. List the prime factors of j/8 + (-1765)/(-10).
5, 7
Let r(o) = o**3 + 4*o**2 - 6*o + 2. Let g be r(-5). Let u(j) = 3*j**2 + 5*j + 4. Let y be u(-2). Suppose g*l - y*l = 24. What are the prime factors of l?
2, 3
Let s(f) = 5*f + 11. Let x be s(4). Let n = -64 - -38. Let a = n + x. List the prime factors of a.
5
Suppose 505 + 617 = 2*m. What are the prime factors of m?
3, 11, 17
Suppose 5*d - 614 = 51. Suppose a - 4*o = d, -569 = a - 6*a - 4*o. What are the prime factors of a?
3, 13
Suppose -4*x - 3295 = -9*x. What are the prime factors of x?
659
Suppose 3*w - 18 = -0. Suppose -5*z + 4 = -u, 4*u = 6*u + 4*z - w. List the prime factors of u*(2 - -9*1).
11
Suppose 375 = -16*o + 19*o. Let i = o - 45. Suppose 3*q - q - i = 0. What are the prime factors of q?
2, 5
Let z = -11803 - -17338. List the prime factors of z.
3, 5, 41
Let w(c) = -c**3 + 16*c**2 - 13*c - 9. Let n be w(13). Suppose 5*k + 79 = n. What are the prime factors of k?
2, 5
List the prime factors of 25959/102*18/3.
3, 509
List the prime factors of (920/12)/((-10)/(-240)).
2, 5, 23
Let r be -5*(30/(30/5) + -6). Let k(x) = -x**2 + 7*x - 8. Let q be k(6). List the prime factors of (-38)/q + (-15)/r.
2
List the prime factors of ((-4128)/(-430))/((-4)/(-210)).
2, 3, 7
Let m(v) = 2*v**3 - 4*v**2 + 2*v + 2. Let d be m(2). Suppose -g = -d - 2. List the prime factors of g.
2
Suppose 9*m = -2791 + 8416. What are the prime factors of m?
5
Let c = -38 + 291. What are the prime factors of c?
11, 23
Suppose 6*t - 2*t - 96 = 0. Let j = 49 - t. List the prime factors of j.
5
Let z = 17 + -5. Let x(y) = -y**3 + 13*y**2 - y + 3. List the prime factors of x(z).
3, 5
List the prime factors of (-154)/44*4*501/(-21).
2, 167
Suppose -192 - 201 = 3*l. Let b = 199 + l. What are the prime factors of b?
2, 17
Let l = 33 + 3. Suppose 4*h - 2*f = 2*h - 2, -5*h - 3*f + 11 = 0. Let b = l + h. List the prime factors of b.
37
Suppose 0 = 4*c - 3*c. Suppose -80 = -3*v - 5*x, 0 = -3*v - c*v - x + 100. List the prime factors of v*(-2)/(-6)*3.
5, 7
Let j = 3561 + -1305. What are the prime factors of j?
2, 3, 47
Suppose -3*w + 6187 = 5*x, -w = 5*x - 4*w - 6163. List the prime factors of x.
5, 13, 19
Suppose 2*n - 10 = 5*m, m - 4*m + 4*n - 20 = 0. Suppose m = -6*y + y + 600. What are the prime factors of y?
2, 3, 5
List the prime factors of 5*18/(-4)*(-364)/10.
3, 7, 13
Let d(o) = 30*o + 1116. Let r(f) = -6*f - 223. Let z(x) = 3*d(x) + 14*r(x). What are the prime factors of z(0)?
2, 113
Let x = 5393 - 3021. List the prime factors of x.
2, 593
Let d(n) = -n**2 + 5*n - 3. Let v be d(2). Suppose j = v*j - 8. Suppose l + 11 = -t + j*l, -t = 5*l - 29. What are the prime factors of t?
2
Suppose 3*k - 3 = 0, -2154 = -3*r - 11*k + 14*k. What are the prime factors of r?
719
Let c = -326 - -584. List the prime factors of c.
2, 3, 43
Let z(k) = 70*k + 13. Let w(q) = -70*q - 12. Let i(y) = -5*w(y) - 4*z(y). List the prime factors of i(2).
2, 37
Suppose -132 = -2*s - 2*s. Let o be (1 + 1 + -2)/3. Let x = s - o. List the prime factors of x.
3, 11
What are the prime factors of 10/15 + 5972/6?
2, 3, 83
Let i = -72 - 63. Let z = -83 - i. List the prime factors of z.
2, 13
Let c = 2 + 2. Suppose c*w - 110 = 3*w. Suppose -w = -3*y - 2*y. What are the prime factors of y?
2, 11
What are the prime factors of 16/(-40) - ((-5166)/15)/1?
2, 43
Suppose q - 3*a = -2*a + 56, a = 2*q - 109. List the prime factors of q.
53
Let c(v) = 6*v**2 - 32*v - 157. List the prime factors of c(-5).
3, 17
Let p = 2350 - 1356. List the prime factors of p.
2, 7, 71
Let s(p) = 74*p + 11. List the prime factors of s(7).
23
Let h be (16/(-24))/(-3*1/(-1242)). Let b = -2 - -1. List the prime factors of (h/48)/(b/4).
23
Let m(t) = 11*t + 20. Let w be m(-8). Let r = 94 + w. What are the prime factors of r?
2, 13
Let b(m) = 18*m - 11. Let z(w) = -w**2 - 17*w + 10. Let l(r) = 2*b(r) + 3*z(r). What are the prime factors of l(-5)?
2
Let w(h) = h**2 + 2*h + 114. List the prime factors of w(-15).
3, 103
Let l(f) be the second derivative of 3*f**4/4 - f**3/2 + 8*f. List the prime factors of l(2).
2, 3, 5
Let l(w) = -19*w + 165 - 165. List the prime factors of l(-1).
19
Let k = 10 - 11. Suppose -2*y = 2*c + 2*y + 44, 0 = 2*c - 3*y + 9. What are the prime factors of (-2)/((-3)/c*k)?
2
What are the prime factors of 2/3 + 25680/144?
179
Suppose 62*b - 59*b = 9. What are the prime factors of ((-39)/(-5) + b)*(-60)/(-6)?
2, 3
Let s(t) be the third derivative o